4 - 4)?
-4
Calculate (-1 - -5) + (1 - 0).
5
Calculate -4 - (5 - (-7 + 12)).
-4
What is -3 + (-3 - -6) + (-3 - -11)?
8
-2 + -4 + -3 + 4
-5
Calculate 1 - (-3 + 2) - -3.
5
What is the value of 2 - -1 - 3 - -5?
5
Calculate (5 - ((1 - 1) + 2)) + 1.
4
What is 0 + 1 - (17 - 14)?
-2
What is the value of 3 + 7 - 0 - (-5 - -8)?
7
What is the value of 2 + 2 + (-2 - 0) + -5?
-3
What is (2 - 1) + -2 - -2 - -3?
4
Calculate 0 + 3 + (-27 - -26).
2
Calculate 4 + (-4 - (-7 - -7)).
0
Evaluate 2 - 5 - 0 - (-2 + 0).
-1
12 + (11 - 19 - 5)
-1
What is 8 - (7 - 6 - -8)?
-1
What is the value of 7 - (-31 + 25 - (1 + -8))?
6
What is -7 - -2 - (-20 - (-11 + 3))?
7
What is -8 - -8 - 0 - 3?
-3
What is the value of -1 - 2 - (3 - (-2 - -10))?
2
What is the value of 15 + (-18 - -10) - 10?
-3
Calculate 5 - (3 - 4) - -2.
8
What is 8 + -3 + (-6 - -6)?
5
Calculate (15 + -8 - 6 - 3) + -1.
-3
What is the value of 6 + -17 + 31 + -11?
9
Calculate 5 - 5 - 7 - -2.
-5
Calculate (-170 - -172) + 1 + -8.
-5
Evaluate 3 - (0 + 2) - 6.
-5
What is the value of 8 - (-4 + (-2 - -8))?
6
What is 0 + 2 + 0 + (-2 - -2)?
2
Evaluate -3 - (-1 - 2 - (-4 - -4)).
0
Calculate (3 - (-3 + 14)) + 3.
-5
Calculate -8 + 3 - (-8 + 6).
-3
Calculate (7 + 7 - (3 - 4)) + -8.
7
What is (-2 - 1) + -4 - -1 - -1?
-5
Evaluate 25 - 29 - (3 - 4).
-3
Evaluate -4 - (-1 + 2 + 10 + -11).
-4
What is the value of -3 - (-11 + 5 + -6)?
9
8 - (3 - -12) - -3
-4
Calculate (8 - 1 - 11) + 6.
2
(2 - (2 + 1)) + 2
1
-2 - (11 + -11 + -3)
1
6 + -1 + 0 + 2 + -6
1
Evaluate (0 - 3) + 0 + 2 - -1.
0
What is (-3 - -3) + 5 - (6 + 0)?
-1
1 + -3 - (-2 + 4)
-4
Evaluate -3 + 0 + 3 + 3 + -8.
-5
(-1 - 3) + (1 - (-3 + 6))
-6
Evaluate 0 + -4 - (-3 - (-3 + 4)).
0
What is the value of (-8 - -12) + 7 - 3?
8
What is 26 + -23 + (1 - 6)?
-2
What is (3 - 2) + -1 + (-8 - -15)?
7
What is 10 + -7 - (4 + -7 - -2)?
4
What is (19 - 11) + -10 - 2?
-4
Evaluate -30 + 29 - (1 + -2 + 7).
-7
Calculate 0 + -4 + 1 - (-92 + 96).
-7
What is the value of 1 - 1 - (0 + 0)?
0
What is the value of 4 - (-22 + 22 + 1 + -1)?
4
Calculate -11 - ((-3 - (1 + 3)) + 2).
-6
Evaluate -44 + 54 + (-1 - 8).
1
Calculate -8 - 1 - (-10 + -8 + 14).
-5
Evaluate -8 - -12 - (1 + 3).
0
6 + (-7 - -1 - (39 + -39))
0
Evaluate 0 - 3 - -14 - 7.
4
What is the value of 0 - (2 + -7 + 5)?
0
Evaluate -4 - (0 - 2) - 0.
-2
13 - (-3 - -8 - -14)
-6
What is the value of 4 + 0 - (7 + 0 - 0)?
-3
Evaluate 0 + 1 - (-9 + 2 + 8).
0
Evaluate 1 - 4 - (-3 - (17 + -11)).
6
What is the value of -2 - (0 - 1 - (25 + -26))?
-2
-4 + 9 - (1 + 3)
1
Calculate -49 + 45 + (3 - -9).
8
Calculate 0 - (1 - -1) - (1 + 0).
-3
Calculate -3 + (1 - -19) - (6 - 0).
11
What is the value of (-2 - (-6 - -2)) + -3 + 2?
1
What is the value of (0 - 5) + 5 - -4?
4
Calculate (-9 - 2) + 9 + (-1 - -5).
2
(6 - (3 + 1)) + -1
1
-7 + 4 + 7 + -9
-5
Evaluate -13 + 10 + -1 + (-1 - 3).
-8
What is 8 - (4 + 4) - (5 + -1)?
-4
Evaluate (-17 + 7 - -8) + -2 + 0.
-4
Evaluate 2 + ((-4 - -5) + -4 - 3).
-4
(8 - -8) + (4 - 14)
6
Calculate 3 + -7 + (2 - 1) + 2.
-1
What is -3 - (1 - (2 - 2))?
-4
Calculate 6 + 3 + 3 - 5.
7
0 + (1 - -4) + -8
-3
Calculate -12 + -10 + 9 + 13.
0
What is 3 - (-3 + 0) - 2?
4
What is the value of -4 + 0 + (-7 - -5) + 2?
-4
What is the value of (-7 - -12) + (0 - 1)?
4
What is the value of -5 + (5 - (3 + 1))?
-4
(-1 - 5) + -5 + (13 - -3)
5
Evaluate (8 - 1 - (1 - -3)) + -1.
2
7 - 7 - (1 + -1)
0
What is -5 - (-8 - -2) - (1 + 5)?
-5
Evaluate 8 + (-7 - (2 - (-5 + -3))).
-9
What is the value of 6 + (7 - 15 - -3)?
1
What is 8 + (-10 - 7) + 13?
4
What is -1 + -9 + (-193 - -202)?
-1
What is -6 - (0 - 9) - (-2 + -1)?
6
What is the value of -2 - 2 - (-8 + 4 - 2)?
2
Calculate 5 + (11 + -8 - 6).
2
Calculate 1 + -1 + -3 + 5 + -2.
0
Calculate 0 + -1 + (-14 - -20).
5
What is the value of -5 - (0 - (-3 + 0 + 3))?
-5
13 + 3 + (5 - 21)
0
What is (-1 - -1 - -5 - 3) + 4?
6
Evaluate -2 - -3 - (-4 + (1 - 1)).
5
What is 1 + -6 + 3 + -2?
-4
(-5 - (0 - 0) - -4) + 1
0
0 + 4 + (0 - 7)
-3
What is -14 - (1 + -6 - 0)?
-9
What is -13 - (9 - (22 + -2))?
-2
What is the value of -4 - (8 + (2 - 10))?
-4
8 - (6 + -1 - -1)
2
Evaluate 5 + -4 + (-3 - -3).
1
What is the value of 0 - 0 - (10 + -4 + -3)?
-3
What is the value of -4 + (5 + 0 + -2 - 1)?
-2
Calculate (60 - 58) + 1 + -5.
-2
What is -8 + -2 + 10 + 4 + -1?
3
What is the value of (0 - (-2 + 1)) + (366 - 372)?
-5
What is the value of (7 + -4 - (5 + 0)) + 4?
2
What is 0 + 8 + (-7 - -5)?
6
Calculate 4 + -13 + 8 + -8.
-9
Evaluate -38 + 42 + -2 + -3.
-1
What is the value of 0 + -3 + 5 - -3?
5
7 + -1 - (-4 - (3 + -18))
-5
Evaluate (-1 - -2 - -11) + -6.
6
Evaluate 0 + (-8 + 10 - (-4 - -2)).
4
Evaluate -3 + (6 - 4) + 6.
5
(-2 - -3) + 0 + 1 + 2
4
Calculate ((4 - -1) + -1 - -1) + 0.
5
What is the value of -2 - (1 - (0 - (-3 + 0)))?
0
Calculate -1 - 1 - (-2 + -2).
2
Evaluate 4 + (-1 - 0) + 0 + 2.
5
-2 + 0 - -1 - -3
2
What is -1 - (3 + -3 - 5)?
4
What is -1 + -5 + 11 + -2?
3
What is 8 - (4 + -1 + (8 - 10))?
7
What is the value of 6 + -8 + -5 + 7?
0
Evaluate 0 + -2 + 6 + -5.
-1
What is 4 + 0 + -4 + 3?
3
What is -7 + (7 - 4) - (-5 + 0)?
1
Calculate 2 - ((-1 - 2) + 2).
3
3 - (-2 - -1) - (11 + -5)
-2
0 + (0 - -3) + -3
0
What is 4 + -1 + (0 - 4)?
-1
Evaluate (1 - 1) + 3 - (23 + -21).
1
Evaluate 4 - (1 + (-3 - (-1 - 0))).
5
Evaluate -2 - ((-26 - -22) + (1 - 5)).
6
Evaluate (4 - (9 + 1)) + (0 - 0).
-6
Calculate (-34 - -14 - -8) + 9.
-3
-4 + (3 - 8 - -6) + 2
-1
What is 6 + -6 + 3 + -7?
-4
What is the value of (-2 - -4) + (2 - (-1 - -11))?
-6
What is the value of (-3 - 0) + -1 + 374 + -373?
-3
Evaluate -2 - (1 - 0) - -2 - 2.
-3
Evaluate -3 + (-7 + (4 - -5) - -4).
3
Calculate 1 + (1 - (-4 + 2)) + -2.
2
Calculate -8 - (-17 + 8 - -8).
-7
Evaluate 2 + -2 + -2 - (5 + -7).
0
(-2 - (-3 + 4)) + 2
-1
Evaluate -7 + (14 - 8) + 2.
1
What is (12 + -13 - (1 + -3)) + 0?
1
Evaluate 4 + ((1 - -5) + -14 - -2).
-2
Calculate 3 + 0 + -6 + 3.
0
(2 - 1) + -6 - -3 - 4
-6
-1 - (-6 - (-4 - -3))
4
What is the value of (3 - 0) + 1 + -1?
3
What is the value of -5 + -1 + (-13 - -17) + 4?
2
Evaluate -3 - -6 - 5 - -5.
3
What is the value of -4 + -3 + (13 - 6) + -7?
-7
Evaluate 1 - (-2 - -6) - 1 - -3.
-1
Evaluate 21 - 7 - (9 - 0).
5
Evaluate -1 + 8 + -7 - 5.
-5
Calculate (7 - (-5 + 2 + 4)) + -5.
1
What is 0 + 0 + 5 + -1 + -1?
3
Calculate -15 + 1 + (-8 + 6 - -5).
-11
What is 4 + 0 - (-6 + 6)?
4
Evaluate (-4 - -1) + (9 - 4).
2
Evaluate -7 - -9 - (0 - -1) - -3.
4
What is the value of (8 - 3) + -11 + 7?
1
What is the value of -11 - (-10 + 6) - -4?
-3
What is the value of -1 + -7 - (-16 + 11)?
-3
What is the value of -9 + 4 + 0 + 5?
0
(0 - 1) + (13 - 8)
4
What is 1 - 1 - 0 - -2?
2
Evaluate (6 - (-7 + 16)) + -3.
-6
What is the value of -7 + 1 - (2 + (-5 - 9))?
6
-4 + (6 - 7 - (3 - 4))
-4
Calculate (-2 - -2 - -1) + -6.
-5
Evaluate -13 + 1 + -8 - -5 - -7.
-8
Calculate (-4 + 2 - -3) + -2.
-1
What is the value of -2 - -1 - (-7 - -1)?
5
What is 39 + -33 - (-1 - -12)?
-5
-2 - (3 + -9 + 5) - 5
-6
(-4 - -5) + 4 - 2
3
What is the value of 6 + (7 - 12) + -2 + 1?
0
What is the value of (19 - 7) + -5 - (3 + -2)?
6
Evaluate (3 - 6) + 0 - 1.
-4
-4 + 4 + 0 + (0 - 5)
-5
What is the value of 3 + 2 - (29 - 25)?
1
What is the value of 3 + (2 - (18 + -8))?
-5
What is -9 + (4 - -14) + -12?
-3
Evaluate -2 - -3 - (5 + -20 + 11).
5
-3 + 0 - (-18 + 26 - 18)
7
Evaluate 1 - (-3 - 0 - -2 - 1).
3
What is (-3 - 0 - -5) + 0?
2
What is -8 + (-7 - -4 - (4 + -14))?
-1
Calculate -6 - (-25 + (6 - -6)).
7
3 + (4 - 10 - 3)
-6
Evaluate (-20 - -9) + (2 - -4).
-5
Calculate (-1 - (-3 + -3) - 12) + 5.
-2
Calculate -6 + 2 + 15 + -7.
4
What is the value of -3 + (-5 - -13) + 3?
8
Evaluate 0 + 9 - (-21 - -27).
3
What is the value of -9 + -3 + 5 + 12?
5
What is (-1 - 1) + 1 + -10 + 6?
-5
Calculate -6 - (-5 + (0 - 4)).
3
What is the value of (5 - 0 - 4) + 2?
3
Evaluate -4 + -1 + 35 + -27.
3
-2 + -4 + 0 + 3 + -1
-4
Evaluate 12 - 15 - (2 + (2 - 1)).
-6
Calculate 0 - -3 - 4 - (-3 - -2).
0
What is the value of -5 + -8 + 12 + 3 + 0?
2
5 + -1 + (8 - (1 - -6))
5
Calculate 0 - (5 - (6 - 4)).
-3
What is -7 + (5 - 5 - -5) - -7?
5
What is 13 - (10 + (1 - 4))?
6
Calculate -5 + 1 + -3 + 4.
-3
-2 + (2 - -2) + (7 - 5)
4
-5 + (3 - (1 - (7 + -2)))
2
8 - 6 - (0 - -1) - 3
-2
Calculate 68 - 70 - (0 + 3).
-5
Evaluate 3 - -1 - (-13 + 14).
3
Evaluate 4 - -4 - (5 -